{"id":16,"date":"2020-05-30T13:53:22","date_gmt":"2020-05-30T10:53:22","guid":{"rendered":"https:\/\/olivian.ro\/arte\/?page_id=16"},"modified":"2020-05-30T13:53:45","modified_gmt":"2020-05-30T10:53:45","slug":"termenii-si-conditiile-site-ului","status":"publish","type":"page","link":"https:\/\/olivian.ro\/arte\/termenii-si-conditiile-site-ului\/","title":{"rendered":"Termenii \u0219i condi\u021biile site-ului"},"content":{"rendered":"<p>Site-ul Olivian.ro &#8211; <a href=\"https:\/\/olivian.ro\/\">https:\/\/olivian.ro\/<\/a> \u0219i <a href=\"https:\/\/olivian.ro\/arte\/\">https:\/\/olivian.ro\/arte\/<\/a> &#8211; \u0219i toate sub-paginile lui (de forma https:\/\/olivian.ro\/pagin\u0103) &#8211; (denumit &#8222;SITE&#8221; \u00een continuare) este realizat pentru a furniza informa\u021bii de interes general.<\/p>\n<p>Prin utilizarea SITE-ului \u0219i prin folosirea materialelor prezentate pe SITE (fie ele g\u0103zduite pe SITE sau pe site-uri externe), sunte\u021bi de acord cu termenii \u0219i condi\u021biile de mai jos.<\/p>\n<p>Persoana care se ocup\u0103 de SITE &#8211; Olivian-Claudiu BREDA &#8211; (denumit\u0103 &#8222;PERSOANA CARE SE OCUP\u0102 DE SITE&#8221; \u00een continuare) depune eforturi ca aceste informa\u021bii s\u0103 fie corecte \u0219i oferite la timp. Dac\u0103 sunt semnalate erori, PERSOANA CARE SE OCUP\u0102 DE SITE va \u00eencerca corectarea acestora. Cu toate acestea, PERSOANA CARE SE OCUP\u0102 DE SITE nu \u00ee\u0219i asum\u0103 nici o r\u0103spundere cu privire la corectitudinea informa\u021biei aflat\u0103 \u00een acest SITE.<\/p>\n<p><strong>Despre responsabilitatea asupra con\u021binutului site-ului<\/strong><\/p>\n<p>Informa\u021bia oferit\u0103:<\/p>\n<ul>\n<li>nu este \u00een mod obligatoriu atotcuprinz\u0103toare, complet\u0103, corect\u0103 sau actualizat\u0103;<\/li>\n<li>poate con\u021bine gre\u0219eli;<\/li>\n<li>poate con\u021bine leg\u0103turi web spre alte sit-uri asupra con\u021binutului c\u0103rora PERSOANA CARE SE OCUP\u0102 DE SITE nu de\u021bine nici un control \u0219i pentru care nu \u00ee\u0219i asum\u0103 nici o responsabilitate;<\/li>\n<li>este exclusiv de natur\u0103 general\u0103 \u0219i nu se raporteaz\u0103 la cazuri particulare;<\/li>\n<li>poate fi schimbat\u0103 \u00een orice moment, f\u0103r\u0103 nicio notificare prealabil\u0103;<\/li>\n<li>poate fi \u0219tears\u0103 oric\u00e2nd de pe SITE;<\/li>\n<li>este pur informativ\u0103, ar trebui s\u0103 fie perceput\u0103 de forma unui eseu, g\u00e2nduri puste \u00een online, \u0219i nu este destinat\u0103 aplic\u0103rii informa\u021biilor \u00een sens personal sau profesional.<\/li>\n<\/ul>\n<p>PERSOANA CARE SE OCUP\u0102 DE SITE nu \u00ee\u0219i asum\u0103 nici o r\u0103spundere \u00een cazul \u00een care anumite informa\u021bii sunt furnizate cu \u00eent\u00e2rziere, sunt pierdute, \u0219terse sau nu pot fi stocate pe server din orice motive. De asemenea, nu \u00ee\u0219i asum\u0103 nici o r\u0103spundere pentru consecin\u021bele care pot apare datorit\u0103 \u00eent\u00e2rzierii, pierderii sau inexactit\u0103\u021bii informa\u021biilor publicate sau existente \u00een prezentul site. Mai mult dec\u00e2t at\u00e2t, PERSOANA CARE SE OCUP\u0102 DE SITE nu r\u0103spunde pentru problemele care pot ap\u0103rea \u00een urma folosirea informa\u021biilor de pe SITE.<\/p>\n<p>Despre site: SITE-ul poate oric\u00e2nd \u0219i f\u0103r\u0103 notificare prealabil\u0103:<\/p>\n<ul>\n<li>s\u0103 fie oprit;<\/li>\n<li>s\u0103 fie modificat din punct de vedere al con\u021binutului, designului, structurii;<\/li>\n<li>s\u0103 fie mutat pe alt server sau alt domeniu.<\/li>\n<\/ul>\n<p>Utilizatorii vor folosi informa\u021biile furnizate \u00een cadrul sec\u021biunii exclusiv pe propria r\u0103spundere. \u00cen cazul unei daune generate de utilizarea informa\u021biilor furnizate utilizatorii accept\u0103 c\u0103 PERSOANA CARE SE OCUP\u0102 DE SITE va fi absolvit\u0103 de orice r\u0103spundere. De asemenea, pentru orice tip de con\u021binut din SITE (text, video, imagine, prezentare, fi\u0219ier de desc\u0103rcat), PERSOANA CARE SE OCUP\u0102 DE SITE nu va putea fi tras\u0103 la r\u0103spundere pentru eventualele pagube, de orice natur\u0103, provenite din folosirea acelui con\u021binut.<\/p>\n<p>No\u021biunea de neangajare a r\u0103spunderii nu se r\u0103sfr\u00e2nge \u0219i asupra obliga\u021biei PERSOANEI CARE SE OCUP\u0102 DE SITE de a respecta legisla\u021bia \u00een vigoare \u0219i nu poate exclude obliga\u021biile PERSOANEI CARE SE OCUP\u0102 DE SITE impuse de lege.<\/p>\n<p>Despre linkurile externe, materialele provenite din ter\u021be p\u0103r\u021bi (de exemplu, imagini preluate de pe alte site-uri, clipuri video postate de pe alte site-uri, linkuri c\u0103tre alte site-uri) \u0219i comentariile de pe SITE: PERSOANA CARE SE OCUP\u0102 DE SITE nu se identific\u0103 \u00een mod necesar \u0219i nu \u00ee\u0219i asum\u0103 r\u0103spunderea pentru opiniile \u0219i viziunile exprimate \u00een materialele de pe SITE \u0219i\/sau \u00een comentariile utilizatorilor SITE-ului. De asemenea, PERSOANA CARE SE OCUP\u0102 DE SITE \u00ee\u0219i rezerv\u0103 dreptul de a nu publica, de a \u0219terge sau refuza orice comentariu sau material care aduce prejudicii grave de orice natur\u0103 la adresa unui alt utilizator sau persoane, ori ale c\u0103rui idei sunt complet \u00een afara conceptului general al SITE-ului, ori care contravin valorilor de baz\u0103 prezentate pe SITE. De asemenea, linkurile din SITE c\u0103tre alte site-uri (site-uri externe), imaginile, prezent\u0103rile, documentele sau clipurile de pe alte site-uri nu sunt aprobate, verificate sau autorizate de PERSOANA CARE SE OCUP\u0102 DE SITE. PERSOANA CARE SE OCUP\u0102 DE SITE nu \u00ee\u0219i asum\u0103 nicio responsabilitate pentru acele resurse.<\/p>\n<p>Preciz\u0103ri finale: PERSOANA CARE SE OCUP\u0102 DE SITE \u00ee\u0219i rezerv\u0103 dreptul de a modifica \u0219i actualiza aceste condi\u021bii in orice moment. Modific\u0103rile devin efective de la momentul public\u0103rii lor pe SITE.<\/p>\n<p>PS, 2018.04.20: <a href=\"https:\/\/lifehacker.com\/you-still-need-to-read-terms-of-service-documents-unfo-1825388590\">You Still Need to Read Terms of Service Documents, Unfortunately<\/a>.<\/p>\n<p>PS, 2019.12.31: <a href=\"https:\/\/tosdr.org\/\">Terms of Service; Didn&#8217;t Read<\/a>.<\/p>\n<div class=\"SnapLinksContainer\">\n<div class=\"SL_SelectionRect\">\n<div class=\"SL_SelectionLabel\"><\/div>\n<\/div>\n<p><!-- Used for easily cloning the properly namespaced rect --><\/p>\n<\/div>\n","protected":false},"excerpt":{"rendered":"<p>Site-ul Olivian.ro &#8211; https:\/\/olivian.ro\/ \u0219i https:\/\/olivian.ro\/arte\/ &#8211; \u0219i toate sub-paginile lui (de forma https:\/\/olivian.ro\/pagin\u0103) &#8211; (denumit &#8222;SITE&#8221; \u00een continuare) este realizat pentru a furniza informa\u021bii de interes general. Prin utilizarea SITE-ului \u0219i prin folosirea materialelor prezentate pe SITE (fie ele g\u0103zduite pe SITE sau pe site-uri externe), sunte\u021bi de acord cu termenii \u0219i condi\u021biile de &#8230; <\/p>\n<p class=\"read-more-container\"><a title=\"Termenii \u0219i condi\u021biile site-ului\" class=\"read-more button\" href=\"https:\/\/olivian.ro\/arte\/termenii-si-conditiile-site-ului\/#more-16\" aria-label=\"Cite\u0219te mai multe despre Termenii \u0219i condi\u021biile site-ului\">Cite\u0219te mai multe<\/a><\/p>\n","protected":false},"author":1,"featured_media":0,"parent":0,"menu_order":0,"comment_status":"closed","ping_status":"closed","template":"","meta":{"footnotes":""},"class_list":["post-16","page","type-page","status-publish"],"yoast_head":"<!-- This site is optimized with the Yoast SEO plugin v27.5 - https:\/\/yoast.com\/product\/yoast-seo-wordpress\/ -->\n<title>Termenii \u0219i condi\u021biile site-ului - Arte (de Olivian Breda)<\/title>\n<meta name=\"robots\" content=\"noindex, follow\" \/>\n<meta property=\"og:locale\" content=\"ro_RO\" \/>\n<meta property=\"og:type\" content=\"article\" \/>\n<meta property=\"og:title\" content=\"Termenii \u0219i condi\u021biile site-ului - Arte (de Olivian Breda)\" \/>\n<meta property=\"og:description\" content=\"Site-ul Olivian.ro &#8211; https:\/\/olivian.ro\/ \u0219i https:\/\/olivian.ro\/arte\/ &#8211; \u0219i toate sub-paginile lui (de forma https:\/\/olivian.ro\/pagin\u0103) &#8211; (denumit &#8222;SITE&#8221; \u00een continuare) este realizat pentru a furniza informa\u021bii de interes general. Prin utilizarea SITE-ului \u0219i prin folosirea materialelor prezentate pe SITE (fie ele g\u0103zduite pe SITE sau pe site-uri externe), sunte\u021bi de acord cu termenii \u0219i condi\u021biile de ... Cite\u0219te mai multe\" \/>\n<meta property=\"og:url\" content=\"https:\/\/olivian.ro\/arte\/termenii-si-conditiile-site-ului\/\" \/>\n<meta property=\"og:site_name\" content=\"Arte (de Olivian Breda)\" \/>\n<meta property=\"article:modified_time\" content=\"2020-05-30T10:53:45+00:00\" \/>\n<meta name=\"twitter:card\" content=\"summary_large_image\" \/>\n<meta name=\"twitter:label1\" content=\"Timp estimat pentru citire\" \/>\n\t<meta name=\"twitter:data1\" content=\"4 minute\" \/>\n<script type=\"application\/ld+json\" class=\"yoast-schema-graph\">{\"@context\":\"https:\\\/\\\/schema.org\",\"@graph\":[{\"@type\":\"WebPage\",\"@id\":\"https:\\\/\\\/olivian.ro\\\/arte\\\/termenii-si-conditiile-site-ului\\\/\",\"url\":\"https:\\\/\\\/olivian.ro\\\/arte\\\/termenii-si-conditiile-site-ului\\\/\",\"name\":\"Termenii \u0219i condi\u021biile site-ului - Arte (de Olivian Breda)\",\"isPartOf\":{\"@id\":\"https:\\\/\\\/olivian.ro\\\/arte\\\/#website\"},\"datePublished\":\"2020-05-30T10:53:22+00:00\",\"dateModified\":\"2020-05-30T10:53:45+00:00\",\"breadcrumb\":{\"@id\":\"https:\\\/\\\/olivian.ro\\\/arte\\\/termenii-si-conditiile-site-ului\\\/#breadcrumb\"},\"inLanguage\":\"ro-RO\",\"potentialAction\":[{\"@type\":\"ReadAction\",\"target\":[\"https:\\\/\\\/olivian.ro\\\/arte\\\/termenii-si-conditiile-site-ului\\\/\"]}]},{\"@type\":\"BreadcrumbList\",\"@id\":\"https:\\\/\\\/olivian.ro\\\/arte\\\/termenii-si-conditiile-site-ului\\\/#breadcrumb\",\"itemListElement\":[{\"@type\":\"ListItem\",\"position\":1,\"name\":\"Home\",\"item\":\"https:\\\/\\\/olivian.ro\\\/arte\\\/\"},{\"@type\":\"ListItem\",\"position\":2,\"name\":\"Termenii \u0219i condi\u021biile site-ului\"}]},{\"@type\":\"WebSite\",\"@id\":\"https:\\\/\\\/olivian.ro\\\/arte\\\/#website\",\"url\":\"https:\\\/\\\/olivian.ro\\\/arte\\\/\",\"name\":\"Arte (de Olivian Breda)\",\"description\":\"Loc de joac\u0103\",\"potentialAction\":[{\"@type\":\"SearchAction\",\"target\":{\"@type\":\"EntryPoint\",\"urlTemplate\":\"https:\\\/\\\/olivian.ro\\\/arte\\\/?s={search_term_string}\"},\"query-input\":{\"@type\":\"PropertyValueSpecification\",\"valueRequired\":true,\"valueName\":\"search_term_string\"}}],\"inLanguage\":\"ro-RO\"}]}<\/script>\n<!-- \/ Yoast SEO plugin. -->","yoast_head_json":{"title":"Termenii \u0219i condi\u021biile site-ului - Arte (de Olivian Breda)","robots":{"index":"noindex","follow":"follow"},"og_locale":"ro_RO","og_type":"article","og_title":"Termenii \u0219i condi\u021biile site-ului - Arte (de Olivian Breda)","og_description":"Site-ul Olivian.ro &#8211; https:\/\/olivian.ro\/ \u0219i https:\/\/olivian.ro\/arte\/ &#8211; \u0219i toate sub-paginile lui (de forma https:\/\/olivian.ro\/pagin\u0103) &#8211; (denumit &#8222;SITE&#8221; \u00een continuare) este realizat pentru a furniza informa\u021bii de interes general. Prin utilizarea SITE-ului \u0219i prin folosirea materialelor prezentate pe SITE (fie ele g\u0103zduite pe SITE sau pe site-uri externe), sunte\u021bi de acord cu termenii \u0219i condi\u021biile de ... Cite\u0219te mai multe","og_url":"https:\/\/olivian.ro\/arte\/termenii-si-conditiile-site-ului\/","og_site_name":"Arte (de Olivian Breda)","article_modified_time":"2020-05-30T10:53:45+00:00","twitter_card":"summary_large_image","twitter_misc":{"Timp estimat pentru citire":"4 minute"},"schema":{"@context":"https:\/\/schema.org","@graph":[{"@type":"WebPage","@id":"https:\/\/olivian.ro\/arte\/termenii-si-conditiile-site-ului\/","url":"https:\/\/olivian.ro\/arte\/termenii-si-conditiile-site-ului\/","name":"Termenii \u0219i condi\u021biile site-ului - Arte (de Olivian Breda)","isPartOf":{"@id":"https:\/\/olivian.ro\/arte\/#website"},"datePublished":"2020-05-30T10:53:22+00:00","dateModified":"2020-05-30T10:53:45+00:00","breadcrumb":{"@id":"https:\/\/olivian.ro\/arte\/termenii-si-conditiile-site-ului\/#breadcrumb"},"inLanguage":"ro-RO","potentialAction":[{"@type":"ReadAction","target":["https:\/\/olivian.ro\/arte\/termenii-si-conditiile-site-ului\/"]}]},{"@type":"BreadcrumbList","@id":"https:\/\/olivian.ro\/arte\/termenii-si-conditiile-site-ului\/#breadcrumb","itemListElement":[{"@type":"ListItem","position":1,"name":"Home","item":"https:\/\/olivian.ro\/arte\/"},{"@type":"ListItem","position":2,"name":"Termenii \u0219i condi\u021biile site-ului"}]},{"@type":"WebSite","@id":"https:\/\/olivian.ro\/arte\/#website","url":"https:\/\/olivian.ro\/arte\/","name":"Arte (de Olivian Breda)","description":"Loc de joac\u0103","potentialAction":[{"@type":"SearchAction","target":{"@type":"EntryPoint","urlTemplate":"https:\/\/olivian.ro\/arte\/?s={search_term_string}"},"query-input":{"@type":"PropertyValueSpecification","valueRequired":true,"valueName":"search_term_string"}}],"inLanguage":"ro-RO"}]}},"_links":{"self":[{"href":"https:\/\/olivian.ro\/arte\/wp-json\/wp\/v2\/pages\/16","targetHints":{"allow":["GET"]}}],"collection":[{"href":"https:\/\/olivian.ro\/arte\/wp-json\/wp\/v2\/pages"}],"about":[{"href":"https:\/\/olivian.ro\/arte\/wp-json\/wp\/v2\/types\/page"}],"author":[{"embeddable":true,"href":"https:\/\/olivian.ro\/arte\/wp-json\/wp\/v2\/users\/1"}],"replies":[{"embeddable":true,"href":"https:\/\/olivian.ro\/arte\/wp-json\/wp\/v2\/comments?post=16"}],"version-history":[{"count":2,"href":"https:\/\/olivian.ro\/arte\/wp-json\/wp\/v2\/pages\/16\/revisions"}],"predecessor-version":[{"id":20,"href":"https:\/\/olivian.ro\/arte\/wp-json\/wp\/v2\/pages\/16\/revisions\/20"}],"wp:attachment":[{"href":"https:\/\/olivian.ro\/arte\/wp-json\/wp\/v2\/media?parent=16"}],"curies":[{"name":"wp","href":"https:\/\/api.w.org\/{rel}","templated":true}]}}