{"id":15,"date":"2020-05-30T13:53:10","date_gmt":"2020-05-30T10:53:10","guid":{"rendered":"https:\/\/olivian.ro\/arte\/?page_id=15"},"modified":"2020-05-30T13:53:10","modified_gmt":"2020-05-30T10:53:10","slug":"politica-de-confidentialitate","status":"publish","type":"page","link":"https:\/\/olivian.ro\/arte\/politica-de-confidentialitate\/","title":{"rendered":"Politica de confiden\u021bialitate"},"content":{"rendered":"<ul>\n<li>Nu facem spam. Nu vei primi din partea noastr\u0103 niciun email nesolicitat, la care s\u0103 nu te fi abonat \u00eenainte.<\/li>\n<li>Site-ul folose\u0219te servicii de newsletter, la care e posibil s\u0103 te fii abonat singur(\u0103). Ai dreptul s\u0103 te dezabonezi de la orice newsletter. Nu trebuie s\u0103 \u00eemi ceri nim\u0103nui asta. Fiecare newsletter are \u00een partea de jos un c\u00e2mp de dezabonare. Dezabonarea este automat\u0103.<\/li>\n<li>Ai dreptul s\u0103 ne ceri dezabonarea de la serviciile de email. <a href=\"https:\/\/olivian.ro\/contact\/\">Vezi pagina de contact pentru informa\u021bii de contact<\/a>.<\/li>\n<li>Nu vindem adresa ta de email sau alte date personale mai departe. Datele tale sunt p\u0103strate private.<\/li>\n<li>Ne po\u021bi contacta oric\u00e2nd pentru a \u0219terge datele tale personale. <a href=\"https:\/\/olivian.ro\/contact\/\">Vezi pagina de contact pentru informa\u021bii de contact<\/a>.<\/li>\n<li>Dac\u0103 ai l\u0103sat un comentariu la noi pe site \u0219i dore\u0219ti s\u0103 fie \u0219ters, ne po\u021bi cere asta oric\u00e2nd. <a href=\"https:\/\/wordpress.org\/news\/2018\/05\/wordpress-4-9-6-privacy-and-maintenance-release\/\">Vezi aici ce informa\u021bii se pot \u0219terge<\/a>. <a href=\"https:\/\/olivian.ro\/contact\/\">Vezi pagina de contact pentru informa\u021bii de contact<\/a>.<\/li>\n<li>Pentru a afi\u0219a <a href=\"https:\/\/en.gravatar.com\/\">Gravatars<\/a> (imagini pe site pentru comentarii), a fost salvat\u0103 pe SITE adresa dvs. de e-mail folosit\u0103 pentru scopul de a comenta. Pute\u021bi solicita, prin intermediul <a href=\"https:\/\/olivian.ro\/contact\/\">paginii de contact<\/a> eliminarea comentariilor, \u0219i, deci, a adresei de email din baza de date a site-ului.<\/li>\n<li>Dac\u0103 la\u0219i un comentariu, un text anonimizat creat pornind de la adresa ta de e-mail va fi trimis c\u0103tre site-ul Gravatar pentru a vedea dac\u0103 ave\u021bi un avatar (imagine de profil) setat\u0103 pe acel site.<\/li>\n<li>C\u00e2nd la\u0219i un comentariu pe acest site, se vor salva numele, adresa de e-mail, site-ul web, adresa IP \u0219i informa\u021bii despre browser-ul folosit, pentru a preveni comentarii SPAM.<\/li>\n<li>Dup\u0103 aprobarea comentariului t\u0103u, imaginea ta de profil este vizibil\u0103 publicului.<\/li>\n<li>Dac\u0103 la\u0219i un comentariu, comentariul \u0219i datele acestuia (nume, email, site web, adres\u0103 IP, browser) sunt p\u0103strate pe o perioad\u0103 nedeterminat\u0103. Acest lucru este util pentru a putea recunoa\u0219te \u0219i aproba automat orice comentarii ulterioare \u00een loc s\u0103 le \u021binem \u00eentr-o coad\u0103 de moderare.<\/li>\n<li>Comentariile vizitatorilor pot fi verificate printr-un serviciu automat de detectare a spamului.<\/li>\n<li>Dac\u0103 la\u0219i un comentariu pe site-ul nostru, po\u021bi opta s\u0103 se salveze automat numele, adresa de e-mail \u0219i site-ul web \u00een cookie-uri. Acestea sunt pentru confortul t\u0103u, astfel \u00eenc\u00e2t s\u0103 nu fii nevoit(\u0103) s\u0103 completezi detaliile de fiecare dat\u0103 c\u00e2nd la\u0219i un comentariu. Aceste cookie-uri au durata de un an.<\/li>\n<li>Articolele de pe acest site pot include con\u021binut embedded \/ \u00eencorporat (exemple &#8211; videoclipuri, imagini, articole etc.). Con\u021binutul \u00eencorporat de pe alte site-uri se comport\u0103 exact \u00een acela\u0219i mod ca \u0219i \u00een cazul \u00een care a\u021bi fi vizitat acel site web. Aceste site-uri web pot s\u0103 colecteze date despre tine, s\u0103 utilizeze cookie-uri, s\u0103 trimit\u0103 datele tale c\u0103tre furnizori ter\u021bi \u0219i s\u0103 monitorizeze interac\u021biunea cu con\u021binutul embedded \/ \u00eencorporat, inclusiv urm\u0103rirea interac\u021biunii tale cu con\u021binutul \u00eencorporat dac\u0103 ai un cont \u0219i e\u0219ti conectat(\u0103) la site-ul respectiv. Cu alte cuvinte, dac\u0103 eu am un plugin de Facebook \u0219i pe site am butoane de tip Facebook Like, \u0219i tu e\u0219ti logat(\u0103) la Facebook, Facebook poate \u0219ti c\u0103 tu ai vizitat site-ul meu. Foarte frecvent, pun con\u021binut YouTube \u0219i SlideShare cu cod embed, dar \u0219i alte platforme.<\/li>\n<li>Site-ul folose\u0219te Google Analytics pentru monitorizare trafic. Afl\u0103 aici cum po\u021bi bloca Google Analytics pe site-ul nostru &#8211; <a href=\"http:\/\/geekthis.net\/post\/block-google-analytics\/\">Solu\u021bie #1<\/a>, <a href=\"https:\/\/blog.majestic.com\/company\/blocking-google-analytics\/\">Solu\u021bie #2<\/a>, <a href=\"http:\/\/how-to.wikia.com\/wiki\/How_to_block_your_browser_from_sending_information_to_Google_Analytics\">Solu\u021bie #3<\/a>.<\/li>\n<li>Site-ul trimite informa\u021bii despre tine c\u0103tre Facebook, prin unele scripturi. Afl\u0103 aici cum po\u021bi bloca monitorizarea pe site-ul nostru &#8211; <a href=\"https:\/\/www.makeuseof.com\/tag\/facebook-tracking-stop\/\">Solu\u021bie #1<\/a>, <a href=\"https:\/\/www.comparitech.com\/blog\/vpn-privacy\/stop-facebook-tracking\/\">Solu\u021bie #2<\/a>, <a href=\"https:\/\/www.zdnet.com\/article\/to-stop-facebook-tracking-you-across-the-web-change-these-settings\/\">Solu\u021bie #3<\/a>.<\/li>\n<li>Site-ul curent folose\u0219te cookie-uri. Cite\u0219te despre cum po\u021bi bloca cookie-urile din acest site \u0219i altele: <a href=\"https:\/\/www.safefleet.ro\/politica-de-utilizare-cookie-urilor\/\">Solu\u021bie #1<\/a>, <a href=\"https:\/\/support.google.com\/chrome\/answer\/95647?co=GENIE.Platform%3DDesktop&amp;hl=ro\">Solu\u021bie #2<\/a>, <a href=\"https:\/\/support.mozilla.org\/ro\/kb\/cookie-urile\">Solu\u021bie #3<\/a>.<\/li>\n<li>C\u00e2nd urmezi un link (faci click pe link) de la mine din site, site-ul destina\u021bie poate plasa cookies \u00een browser-ul t\u0103u.<\/li>\n<li>Dac\u0103 ave\u021bi un cont pe acest website, cel mai probabil a\u021bi furnizat email + nume. Pute\u021bi solicita, prin intermediul <a href=\"https:\/\/olivian.ro\/contact\/\">paginii de contact<\/a>, eliminarea acelor informa\u021bii.<\/li>\n<li>Datele sunt p\u0103strate pe acest site pe durat\u0103 nedeterminat\u0103.<\/li>\n<\/ul>\n<p>Site-ul folose\u0219te cookies. Afla\u021bi mai multe informa\u021bii despre cookie-uri aici: <a href=\"https:\/\/cookies.apti.ro\/\">Resurs\u0103 #1<\/a>, <a href=\"https:\/\/ro.wikipedia.org\/wiki\/Cookie\">Resurs\u0103 #2<\/a>, <a href=\"https:\/\/lafantana.ro\/politica-de-utilizare-cookie-uri.html\">Resurs\u0103 #3<\/a>. Pute\u021bi bloca unele cookies cu solu\u021bii de tip AdBlock pentru browserul dvs.<\/p>\n<p>Tipuri de cookie-uri utilizate de acest web site:<\/p>\n<ul>\n<li>Google Analytics \u0219i BreakingPoint Analytics pentru scopuri de marketing;<\/li>\n<li>Facebook Like \/ Share cookie \/ Facebook Page (\u00cemi place, Partajez, \u00cemi place pagina), folosit de Facebook;<\/li>\n<li>Cookie-urile de login pentru a afla dac\u0103 sunte\u021bi conectat (\u0103);<\/li>\n<li>Cookie-uri folosite pentru comentariile l\u0103sate pe acest site;<\/li>\n<li>Cookie-uri Profitshare, pentru marketingul afiliat;<\/li>\n<li>Alte cookie-uri, de care nu suntem con\u0219tien\u021bi \u00een momentul scrierii acestui ghid, folosite \u00een scopuri de marketing sau pentru buna func\u021bionare a site-ului.<\/li>\n<\/ul>\n<p>Scopul pentru care colect\u0103m date personale despre tine este pentru a \u00een\u021belege mai bine cui ne adres\u0103m \u0219i ce s\u0103 public\u0103m pe site \/ ce servicii s\u0103 \u00eei oferim (scopuri de marketing). Dorim, cu alte cuvinte, s\u0103 ne \u00eembun\u0103t\u0103\u021bim abilitatea de a livra un mesaj relevant pentru o audien\u021b\u0103 bine definit\u0103 \u0219i \u00een\u021beleas\u0103.<\/p>\n<p>Datele sunt stocate pe termen nedeterminat \u00een Google Analytics \/ Facebook \/ Breaking point Analytics \/ adresa de email salvat\u0103 \u00een site la comentarii.<\/p>\n<p>\u00cen newsletter, \u00ee\u021bi cerem numele \u0219i emailul pentru a putea trimite un mesaj relevant, care s\u0103 ajung\u0103 \u00een inboxul t\u0103u, iar compania este util\u0103 pentru a \u0219ti cui ne adres\u0103m. Po\u021bi completa N\/A dac\u0103 nu e\u0219ti de acord s\u0103 furnizezi numele companiei.<\/p>\n<p id=\"result_box\" class=\"\" lang=\"en\" tabindex=\"-1\">Not\u0103: &#8222;Noi&#8221; = Olivian-Claudiu Breda.<\/p>\n","protected":false},"excerpt":{"rendered":"<p>Nu facem spam. Nu vei primi din partea noastr\u0103 niciun email nesolicitat, la care s\u0103 nu te fi abonat \u00eenainte. Site-ul folose\u0219te servicii de newsletter, la care e posibil s\u0103 te fii abonat singur(\u0103). Ai dreptul s\u0103 te dezabonezi de la orice newsletter. Nu trebuie s\u0103 \u00eemi ceri nim\u0103nui asta. Fiecare newsletter are \u00een partea &#8230; <\/p>\n<p class=\"read-more-container\"><a title=\"Politica de confiden\u021bialitate\" class=\"read-more button\" href=\"https:\/\/olivian.ro\/arte\/politica-de-confidentialitate\/#more-15\" aria-label=\"Cite\u0219te mai multe despre Politica de confiden\u021bialitate\">Cite\u0219te mai multe<\/a><\/p>\n","protected":false},"author":1,"featured_media":0,"parent":0,"menu_order":0,"comment_status":"closed","ping_status":"closed","template":"","meta":{"footnotes":""},"class_list":["post-15","page","type-page","status-publish"],"yoast_head":"<!-- This site is optimized with the Yoast SEO plugin v27.5 - https:\/\/yoast.com\/product\/yoast-seo-wordpress\/ -->\n<title>Politica de confiden\u021bialitate - Arte (de Olivian Breda)<\/title>\n<meta name=\"robots\" content=\"noindex, follow\" \/>\n<meta property=\"og:locale\" content=\"ro_RO\" \/>\n<meta property=\"og:type\" content=\"article\" \/>\n<meta property=\"og:title\" content=\"Politica de confiden\u021bialitate - Arte (de Olivian Breda)\" \/>\n<meta property=\"og:description\" content=\"Nu facem spam. Nu vei primi din partea noastr\u0103 niciun email nesolicitat, la care s\u0103 nu te fi abonat \u00eenainte. Site-ul folose\u0219te servicii de newsletter, la care e posibil s\u0103 te fii abonat singur(\u0103). Ai dreptul s\u0103 te dezabonezi de la orice newsletter. Nu trebuie s\u0103 \u00eemi ceri nim\u0103nui asta. Fiecare newsletter are \u00een partea ... Cite\u0219te mai multe\" \/>\n<meta property=\"og:url\" content=\"https:\/\/olivian.ro\/arte\/politica-de-confidentialitate\/\" \/>\n<meta property=\"og:site_name\" content=\"Arte (de Olivian Breda)\" \/>\n<meta name=\"twitter:card\" content=\"summary_large_image\" \/>\n<meta name=\"twitter:label1\" content=\"Timp estimat pentru citire\" \/>\n\t<meta name=\"twitter:data1\" content=\"5 minute\" \/>\n<script type=\"application\/ld+json\" class=\"yoast-schema-graph\">{\"@context\":\"https:\\\/\\\/schema.org\",\"@graph\":[{\"@type\":\"WebPage\",\"@id\":\"https:\\\/\\\/olivian.ro\\\/arte\\\/politica-de-confidentialitate\\\/\",\"url\":\"https:\\\/\\\/olivian.ro\\\/arte\\\/politica-de-confidentialitate\\\/\",\"name\":\"Politica de confiden\u021bialitate - Arte (de Olivian Breda)\",\"isPartOf\":{\"@id\":\"https:\\\/\\\/olivian.ro\\\/arte\\\/#website\"},\"datePublished\":\"2020-05-30T10:53:10+00:00\",\"breadcrumb\":{\"@id\":\"https:\\\/\\\/olivian.ro\\\/arte\\\/politica-de-confidentialitate\\\/#breadcrumb\"},\"inLanguage\":\"ro-RO\",\"potentialAction\":[{\"@type\":\"ReadAction\",\"target\":[\"https:\\\/\\\/olivian.ro\\\/arte\\\/politica-de-confidentialitate\\\/\"]}]},{\"@type\":\"BreadcrumbList\",\"@id\":\"https:\\\/\\\/olivian.ro\\\/arte\\\/politica-de-confidentialitate\\\/#breadcrumb\",\"itemListElement\":[{\"@type\":\"ListItem\",\"position\":1,\"name\":\"Home\",\"item\":\"https:\\\/\\\/olivian.ro\\\/arte\\\/\"},{\"@type\":\"ListItem\",\"position\":2,\"name\":\"Politica de confiden\u021bialitate\"}]},{\"@type\":\"WebSite\",\"@id\":\"https:\\\/\\\/olivian.ro\\\/arte\\\/#website\",\"url\":\"https:\\\/\\\/olivian.ro\\\/arte\\\/\",\"name\":\"Arte (de Olivian Breda)\",\"description\":\"Loc de joac\u0103\",\"potentialAction\":[{\"@type\":\"SearchAction\",\"target\":{\"@type\":\"EntryPoint\",\"urlTemplate\":\"https:\\\/\\\/olivian.ro\\\/arte\\\/?s={search_term_string}\"},\"query-input\":{\"@type\":\"PropertyValueSpecification\",\"valueRequired\":true,\"valueName\":\"search_term_string\"}}],\"inLanguage\":\"ro-RO\"}]}<\/script>\n<!-- \/ Yoast SEO plugin. -->","yoast_head_json":{"title":"Politica de confiden\u021bialitate - Arte (de Olivian Breda)","robots":{"index":"noindex","follow":"follow"},"og_locale":"ro_RO","og_type":"article","og_title":"Politica de confiden\u021bialitate - Arte (de Olivian Breda)","og_description":"Nu facem spam. Nu vei primi din partea noastr\u0103 niciun email nesolicitat, la care s\u0103 nu te fi abonat \u00eenainte. Site-ul folose\u0219te servicii de newsletter, la care e posibil s\u0103 te fii abonat singur(\u0103). Ai dreptul s\u0103 te dezabonezi de la orice newsletter. Nu trebuie s\u0103 \u00eemi ceri nim\u0103nui asta. Fiecare newsletter are \u00een partea ... Cite\u0219te mai multe","og_url":"https:\/\/olivian.ro\/arte\/politica-de-confidentialitate\/","og_site_name":"Arte (de Olivian Breda)","twitter_card":"summary_large_image","twitter_misc":{"Timp estimat pentru citire":"5 minute"},"schema":{"@context":"https:\/\/schema.org","@graph":[{"@type":"WebPage","@id":"https:\/\/olivian.ro\/arte\/politica-de-confidentialitate\/","url":"https:\/\/olivian.ro\/arte\/politica-de-confidentialitate\/","name":"Politica de confiden\u021bialitate - Arte (de Olivian Breda)","isPartOf":{"@id":"https:\/\/olivian.ro\/arte\/#website"},"datePublished":"2020-05-30T10:53:10+00:00","breadcrumb":{"@id":"https:\/\/olivian.ro\/arte\/politica-de-confidentialitate\/#breadcrumb"},"inLanguage":"ro-RO","potentialAction":[{"@type":"ReadAction","target":["https:\/\/olivian.ro\/arte\/politica-de-confidentialitate\/"]}]},{"@type":"BreadcrumbList","@id":"https:\/\/olivian.ro\/arte\/politica-de-confidentialitate\/#breadcrumb","itemListElement":[{"@type":"ListItem","position":1,"name":"Home","item":"https:\/\/olivian.ro\/arte\/"},{"@type":"ListItem","position":2,"name":"Politica de confiden\u021bialitate"}]},{"@type":"WebSite","@id":"https:\/\/olivian.ro\/arte\/#website","url":"https:\/\/olivian.ro\/arte\/","name":"Arte (de Olivian Breda)","description":"Loc de joac\u0103","potentialAction":[{"@type":"SearchAction","target":{"@type":"EntryPoint","urlTemplate":"https:\/\/olivian.ro\/arte\/?s={search_term_string}"},"query-input":{"@type":"PropertyValueSpecification","valueRequired":true,"valueName":"search_term_string"}}],"inLanguage":"ro-RO"}]}},"_links":{"self":[{"href":"https:\/\/olivian.ro\/arte\/wp-json\/wp\/v2\/pages\/15","targetHints":{"allow":["GET"]}}],"collection":[{"href":"https:\/\/olivian.ro\/arte\/wp-json\/wp\/v2\/pages"}],"about":[{"href":"https:\/\/olivian.ro\/arte\/wp-json\/wp\/v2\/types\/page"}],"author":[{"embeddable":true,"href":"https:\/\/olivian.ro\/arte\/wp-json\/wp\/v2\/users\/1"}],"replies":[{"embeddable":true,"href":"https:\/\/olivian.ro\/arte\/wp-json\/wp\/v2\/comments?post=15"}],"version-history":[{"count":1,"href":"https:\/\/olivian.ro\/arte\/wp-json\/wp\/v2\/pages\/15\/revisions"}],"predecessor-version":[{"id":18,"href":"https:\/\/olivian.ro\/arte\/wp-json\/wp\/v2\/pages\/15\/revisions\/18"}],"wp:attachment":[{"href":"https:\/\/olivian.ro\/arte\/wp-json\/wp\/v2\/media?parent=15"}],"curies":[{"name":"wp","href":"https:\/\/api.w.org\/{rel}","templated":true}]}}